{"id":2935,"date":"2021-05-11T08:37:42","date_gmt":"2021-05-11T08:37:42","guid":{"rendered":"https:\/\/sklep.hoid.pl\/?post_type=product&#038;p=2935"},"modified":"2023-11-27T14:41:29","modified_gmt":"2023-11-27T14:41:29","slug":"bracia-wright-biografia-autoryzowana","status":"publish","type":"product","link":"https:\/\/sklep.hoid.pl\/?product=bracia-wright-biografia-autoryzowana","title":{"rendered":"Fred C. Kelly i Orville Wright &#8211; Bracia Wright. Biografia autoryzowana &#8211; audiobook + e-book"},"content":{"rendered":"<p>Na pocz\u0105tku XX wieku powszechny by\u0142 w Ameryce pogl\u0105d, \u017ce gdyby B\u00f3g chcia\u0142, aby cz\u0142owiek lata\u0142, to sam podarowa\u0142by mu skrzyd\u0142a. Bracia Wilbur i Orville Wright mieli jednak odmienne zdanie. Niebo, b\u0119d\u0105ce dla wi\u0119kszo\u015bci \u017ar\u00f3d\u0142em fantazji, dla nich jawi\u0142o si\u0119 jako przestrze\u0144, kt\u00f3ra za spraw\u0105 odpowiedniej konstrukcji mo\u017ce zosta\u0107 ujarzmiona podobnie jak podleg\u0142y cz\u0142owiekowi l\u0105d.<\/p>\n<p>Jak wygl\u0105da\u0142o konstruowanie pierwszego samolotu z silnikiem spalinowym? Ile trwa\u0142y pierwsze loty? Jak na pomys\u0142 stworzenia maszyny lataj\u0105cej zareagowa\u0142o zar\u00f3wno spo\u0142ecze\u0144stwo, jak i prasa oraz rz\u0105d Stan\u00f3w Zjednoczonych? Jaki wp\u0142yw na rozw\u00f3j m\u0142odych wynalazc\u00f3w mieli ich rodzice? Odpowiedzi na te i wiele innych pyta\u0144 zwi\u0105zanych z jednym z najwa\u017cniejszych osi\u0105gni\u0119\u0107 technologicznych minionego stulecia odkrywa <strong>jedyna autoryzowana przez Orville\u2019a Wrighta <\/strong>biografia, napisana przez bliskiego wynalazcom dziennikarza.<\/p>\n<p>Publikacja przybli\u017ca histori\u0119 lotnictwa jako wynalazku, uchyla drzwi do warsztatu wynalazc\u00f3w pozwalaj\u0105c zrozumie\u0107 spos\u00f3b ich pracy i pokazuje, jak zawi\u0142\u0105 drog\u0119 musi przeby\u0107 prze\u0142omowe odkrycie, zanim zostanie powszechnie zaakceptowane. Jednocze\u015bnie jest \u017ar\u00f3d\u0142em szczeg\u00f3\u0142owej wiedzy o d\u0142ugo\u015bci i wysoko\u015bci poszczeg\u00f3lnych lot\u00f3w, szybko\u015bci pokonywanego dystansu, wdro\u017conych rozwi\u0105zaniach konstrukcyjnych oraz ich ewolucji, a tak\u017ce historii zwi\u0105zanych z podbojem przez braci Wright Europy.<\/p>\n","protected":false},"excerpt":{"rendered":"<p>Autor: Fred C. Kelly<br \/>\nD\u0142ugo\u015b\u0107: 10 godzin 25 minut<br \/>\nCzyta: Tomasz Ku\u0107ma<br \/>\nT\u0142umaczenie: Damian Tarkowski<br \/>\nWydawca: Dom Wydawniczy Kontinuum i Wydawnictwo Horyzont Idei<br \/>\nTyp: Audiobook<br \/>\nRok wydania: 2020<br \/>\nISBN: 9788366167780<\/p>\n","protected":false},"featured_media":4294,"template":"","meta":[],"product_cat":[107,15],"product_tag":[188,186,398,189,187,397,184,185],"royalty-types":[],"trackgenre":[166,396,122],"tracksoftware":[],"_links":{"self":[{"href":"https:\/\/sklep.hoid.pl\/index.php?rest_route=\/wp\/v2\/product\/2935"}],"collection":[{"href":"https:\/\/sklep.hoid.pl\/index.php?rest_route=\/wp\/v2\/product"}],"about":[{"href":"https:\/\/sklep.hoid.pl\/index.php?rest_route=\/wp\/v2\/types\/product"}],"wp:featuredmedia":[{"embeddable":true,"href":"https:\/\/sklep.hoid.pl\/index.php?rest_route=\/wp\/v2\/media\/4294"}],"wp:attachment":[{"href":"https:\/\/sklep.hoid.pl\/index.php?rest_route=%2Fwp%2Fv2%2Fmedia&parent=2935"}],"wp:term":[{"taxonomy":"product_cat","embeddable":true,"href":"https:\/\/sklep.hoid.pl\/index.php?rest_route=%2Fwp%2Fv2%2Fproduct_cat&post=2935"},{"taxonomy":"product_tag","embeddable":true,"href":"https:\/\/sklep.hoid.pl\/index.php?rest_route=%2Fwp%2Fv2%2Fproduct_tag&post=2935"},{"taxonomy":"royalty-types","embeddable":true,"href":"https:\/\/sklep.hoid.pl\/index.php?rest_route=%2Fwp%2Fv2%2Froyalty-types&post=2935"},{"taxonomy":"trackgenre","embeddable":true,"href":"https:\/\/sklep.hoid.pl\/index.php?rest_route=%2Fwp%2Fv2%2Ftrackgenre&post=2935"},{"taxonomy":"tracksoftware","embeddable":true,"href":"https:\/\/sklep.hoid.pl\/index.php?rest_route=%2Fwp%2Fv2%2Ftracksoftware&post=2935"}],"curies":[{"name":"wp","href":"https:\/\/api.w.org\/{rel}","templated":true}]}}