{"id":4179,"date":"2022-09-01T12:53:23","date_gmt":"2022-09-01T12:53:23","guid":{"rendered":"https:\/\/sklep.hoid.pl\/?post_type=product&#038;p=4179"},"modified":"2024-07-08T14:38:06","modified_gmt":"2024-07-08T14:38:06","slug":"stanislaw-raginiak-byc-to-be","status":"publish","type":"product","link":"https:\/\/sklep.hoid.pl\/?product=stanislaw-raginiak-byc-to-be","title":{"rendered":"Stanis\u0142aw Raginiak \u2013 By\u0107 \u2013 To be"},"content":{"rendered":"<p>Dwuj\u0119zyczny tomik poetycki Stanis\u0142awa Raginiaka porusza i zaskakuje. Jest to ksi\u0105\u017cka, kt\u00f3r\u0105 si\u0119 prze\u017cywa, a ka\u017cdy jej wers jest g\u0142\u0119boko przemy\u015blany. To poezja, kt\u00f3ra powstawa\u0142a w b\u00f3lu przekutym na pi\u0119kno, mi\u0142o\u015b\u0107 i prawd\u0119. Wersja audio okraszona interpretacj\u0105 znakomitego toru\u0144skiego barda, Jacka S\u0142upkowskiego, zawiera dodatkowo pi\u0119\u0107 piosenek, skomponowanych specjalnie na okazj\u0119 tej publikacji oraz trzycz\u0119\u015bciowe przes\u0142anie Stanis\u0142awa Raginiaka, umieszczone pomi\u0119dzy utworami. T\u0119 pi\u0119kn\u0105 i niezwyk\u0142\u0105 publikacj\u0119 uda\u0142o si\u0119 przygotowa\u0107 dzi\u0119ki wsparciu Narodowego Centrum Kultury.<\/p>\n<p>Poezja Stanis\u0142awa Raginiaka stale eksploruje wielowymiarowo\u015b\u0107 istnienia, a \u017cyciowe do\u015bwiadczenia, tak mocno wybijaj\u0105ce si\u0119 w tych strofach, nadaj\u0105 wersom tembr odpowiedzi na s\u0142ynne hamletowskie pytanie. O tomiku pisze szanowany krytyk literatury, Zbigniew Chojnowski:<\/p>\n<p>Bohater tomu wierszy Stanis\u0142awa Raginiaka\u00a0 <em>By\u0107 stale <\/em>\u00a0przebywa w wielu miejscach \u2013 jego pami\u0119\u0107 wyra\u017ca si\u0119 poprzez geografi\u0105 losu, przemy\u015blenia w\u0142asne i m\u0105dro\u015b\u0107 poznanych s\u0142\u00f3w. Poetycki wzrok obiega nieomal ca\u0142\u0105 Ziemi\u0119.\u00a0\u00a0Poeta, intensywnie do\u015bwiadczaj\u0105c nieuniknionego biegu czasu, pragnie uchwyci\u0107 i nazwa\u0107 warto\u015bci ludzkiego istnienia. Odkrywa poczekalnie \u015bmierci, odczuwaj\u0105c nienasycony g\u0142\u00f3d \u017cycia. Pragnie prze\u0142ama\u0107 bolesne odczucie samotno\u015bci. Jednoczy si\u0119 ze \u015bwiatem, kt\u00f3rego uroda zachwyca go i przera\u017ca, podpowiada prawdy\u00a0\u017cywe. Stanis\u0142aw Raginiak przekazuje czytelnikom sw\u00f3j bardzo osobisty hymn o mi\u0142o\u015bci, w kt\u00f3rym mog\u0105 odnale\u017a\u0107 swoj\u0105 t\u0119sknot\u0119 za pi\u0119knym i dobrym <em>byciem.<\/em><\/p>\n<p><strong>Zbigniew Chojnowski<\/strong>\u00a0&#8211;\u00a0poeta, prozaik, historyk literatury, krytyk literacki, profesor nauk humanistycznych, nauczyciel akademicki Uniwersytetu Warmi\u0144sko-Mazurskiego w Olsztynie.<\/p>\n<p>Obraz widoczny na ok\u0142adce ma wymiar symboliczny, przedstawia artystyczn\u0105 interpretacj\u0119 japo\u0144skiej filozofii Kintsugi, przejawiaj\u0105cej si\u0119 w technice i sztuce naprawy pot\u0142uczonych wyrob\u00f3w ceramicznych, polegaj\u0105cej na \u0142\u0105czeniu element\u00f3w wyrobu lak\u0105 z dodatkiem sproszkowanych metali szlachetnych, takich jak z\u0142oto, srebro lub platyna. Pokryte przygotowanym w ten spos\u00f3b barwnikiem p\u0119kni\u0119cia oplataj\u0105 naczynie kunsztown\u0105 paj\u0119czyn\u0105 z\u0142otych \u017cy\u0142.<\/p>\n<p>Ten rodzaj metafory uzdrawiania ludzkich ran zainspirowa\u0142 artyst\u0119, Bruna Capolonga (Kanada), kt\u00f3ry przypomina nam, \u017ce pi\u0119kno i si\u0142a mog\u0105 pochodzi\u0107 z pozbierania pot\u0142uczonych kawa\u0142k\u00f3w, kt\u00f3re \u017cycie czasem w nas pozostawia i stworzenia czego\u015b nowego z ich pozosta\u0142o\u015bci. W tym duchu artysta cz\u0119sto zaczyna swoje prace od dos\u0142ownego rozbijania ceramicznych paneli, kt\u00f3rych fragmenty nast\u0119pnie sk\u0142ada i montuje na sztywnych podporach. To w\u0142a\u015bnie jego praca, obraz Yearning (t\u0142. t\u0119sknota), pojawia si\u0119 na ok\u0142adce tej ksi\u0105\u017cki.<\/p>\n<p>Kintsugi to tak\u017ce koncepcja filozoficzna zbudowana na fundamencie sztuki przemijania i niedoskona\u0142o\u015bci oraz na przekonaniu, \u017ce nie mo\u017cna wstydzi\u0107 si\u0119 swoich ran. Wszelkie pora\u017cki i trudne do\u015bwiadczenia tworz\u0105 niepowtarzaln\u0105 histori\u0119 ka\u017cdego cz\u0142owieka, kt\u00f3ra sk\u0142ada si\u0119 na wielobarwny pejza\u017c tego wszystkiego, co mie\u015bci si\u0119 w poj\u0119ciu <em>By\u0107<\/em>.<\/p>\n","protected":false},"excerpt":{"rendered":"<p>Autorzy: Stanis\u0142aw Raginiak<\/p>\n<p>Redakcja: Izabela Zgrzywa, Damian Tarkowski<\/p>\n<p>Wydawca: Wydawnictwo Horyzont Idei<\/p>\n<p>Patronat: Ministerstwo Kultury, Dziedzictwa Narodowego i Sportu, Narodowe Centrum Kultury<\/p>\n<p>Typ: E-book<\/p>\n<p>Rok wydania: 2021<\/p>\n<p>ISBN: 978-83-65185-10-5<\/p>\n","protected":false},"featured_media":4180,"template":"","meta":[],"product_cat":[303,64],"product_tag":[265,263,271,272,270,267,266,262,269,264,268],"royalty-types":[],"trackgenre":[171,395,411],"tracksoftware":[],"_links":{"self":[{"href":"https:\/\/sklep.hoid.pl\/index.php?rest_route=\/wp\/v2\/product\/4179"}],"collection":[{"href":"https:\/\/sklep.hoid.pl\/index.php?rest_route=\/wp\/v2\/product"}],"about":[{"href":"https:\/\/sklep.hoid.pl\/index.php?rest_route=\/wp\/v2\/types\/product"}],"wp:featuredmedia":[{"embeddable":true,"href":"https:\/\/sklep.hoid.pl\/index.php?rest_route=\/wp\/v2\/media\/4180"}],"wp:attachment":[{"href":"https:\/\/sklep.hoid.pl\/index.php?rest_route=%2Fwp%2Fv2%2Fmedia&parent=4179"}],"wp:term":[{"taxonomy":"product_cat","embeddable":true,"href":"https:\/\/sklep.hoid.pl\/index.php?rest_route=%2Fwp%2Fv2%2Fproduct_cat&post=4179"},{"taxonomy":"product_tag","embeddable":true,"href":"https:\/\/sklep.hoid.pl\/index.php?rest_route=%2Fwp%2Fv2%2Fproduct_tag&post=4179"},{"taxonomy":"royalty-types","embeddable":true,"href":"https:\/\/sklep.hoid.pl\/index.php?rest_route=%2Fwp%2Fv2%2Froyalty-types&post=4179"},{"taxonomy":"trackgenre","embeddable":true,"href":"https:\/\/sklep.hoid.pl\/index.php?rest_route=%2Fwp%2Fv2%2Ftrackgenre&post=4179"},{"taxonomy":"tracksoftware","embeddable":true,"href":"https:\/\/sklep.hoid.pl\/index.php?rest_route=%2Fwp%2Fv2%2Ftracksoftware&post=4179"}],"curies":[{"name":"wp","href":"https:\/\/api.w.org\/{rel}","templated":true}]}}