{"id":4226,"date":"2022-12-06T18:04:13","date_gmt":"2022-12-06T18:04:13","guid":{"rendered":"https:\/\/sklep.hoid.pl\/?post_type=product&#038;p=4226"},"modified":"2023-11-14T15:23:09","modified_gmt":"2023-11-14T15:23:09","slug":"wiktor-hajdenrajch-macki-schrodingera","status":"publish","type":"product","link":"https:\/\/sklep.hoid.pl\/?product=wiktor-hajdenrajch-macki-schrodingera","title":{"rendered":"Wiktor Hajdenrajch &#8211; Macki Schr\u00f6dingera"},"content":{"rendered":"<p><strong>Macki Schr\u00f6dingera to najnowsza ksi\u0105\u017cka Wiktora Hajdenrajcha!<\/strong><\/p>\n<p>Niezwyk\u0142a, fantasmagorycznej przygoda tr\u00f3jki znajomych wplecionych w taki wir wydarze\u0144, kt\u00f3ry ca\u0142kowicie zmienia ich to\u017csamo\u015b\u0107 \u2013 pisz\u0105c dla nich zaskakuj\u0105cy scenariusz. Wcze\u015bniej zwykli, przeci\u0119tni ludzie, w wyniku anomalii, czasoprzestrzennego pomieszania z popl\u0105taniem, staj\u0105 si\u0119 czo\u0142owymi naukowcami, kt\u00f3rzy celowo wprowadzeni zostaj\u0105 w arkana wielkiego \u015bwiata nauki i polityki, gdzie, o dziwo, odnajduj\u0105 si\u0119 coraz mniej po omacku, kt\u00f3ry coraz lepiej rozumiej\u0105 \u2013 i raz po raz obna\u017caj\u0105c jego absurdy, odkrywaj\u0105 starannie zaplanowany dla nich scenariusz\u2026<\/p>\n<p>Oddajmy jednak g\u0142os samemu Autorowi:<\/p>\n<p><strong>Tw\u00f3rczo\u015b\u0107 Lovecrafta \u2013 inspiracja czy co\u015b wi\u0119cej?<\/strong><\/p>\n<p>Oj, zdecydowanie wi\u0119cej. W maju 1984 roku po przeczytaniu jej prze\u017cy\u0142em rodzaj za\u0142amania. Zacz\u0105\u0142em si\u0119 najzwyczajniej ba\u0107. Wyobra\u017ania, uruchomiona przez\u00a0<em>trigger\u00a0<\/em>o nazwie\u00a0<em>Cthulhu\u00a0<\/em>podsuwa\u0142a mi gotowe obrazy z powie\u015bci. Za oknem \u015bpiewa\u0142y lelki kozodoje (one nie gniazduj\u0105 w Olsztynie\u2026), w lesie widzia\u0142em Czarn\u0105 Koz\u0119, a w \u0141ynie p\u0142yn\u0119\u0142y cia\u0142a potwor\u00f3w. Po g\u0142owie, zaprz\u0105tni\u0119tej wtedy prac\u0105 magistersk\u0105 z dziedziny separacji gryki, w miejsce opisu ruchu nasiona gryki na ta\u015bmie gumowej za pomoc\u0105 rachunku r\u00f3\u017cniczkowego, wesz\u0142y obrazy z powie\u015bci. Nigdy wcze\u015bniej \u017cadna z przeczytanych powie\u015bci, nawet\u00a0<em>Piknik na skraju drogi<\/em>\u00a0Strugackich, nie zrobi\u0142a na mnie tak piorunuj\u0105cego wra\u017cenia. Up\u0142yn\u0105\u0142 czas. Si\u0142a ra\u017cenia Lovecrafta nieco zmniejszy\u0142a si\u0119, ale fascynacja pozosta\u0142a. Fenomen Lovecrafta i jego kultu Cthulhu polega chyba na pewnej prostocie oddzia\u0142ywania i uruchamianiu ukrytych g\u0142\u0119boko strach\u00f3w i obaw, zepchni\u0119tych do pod\u015bwiadomo\u015bci, przykrytych racjonalizmem, ale ci\u0105gle pulsuj\u0105cych i pr\u00f3buj\u0105cych wydoby\u0107 si\u0119 na powierzchni\u0119. Ja wtedy, w maju 1984 roku, irracjonalnie si\u0119 ba\u0142em. To by\u0142o silne, dojmuj\u0105ce uczucie, z kt\u00f3rym zupe\u0142nie nie wiedzia\u0142em, co robi\u0107, ale mia\u0142em wra\u017cenie, \u017ce ono we mnie ju\u017c siedzia\u0142o wcze\u015bniej.<\/p>\n<p><strong>Czym jest ksi\u0105\u017cka\u00a0<em>Macki Schr\u00f6dingera<\/em>\u00a0\u2013 dla kogo jest \u2013 a kto bro\u0144 Bo\u017ce niech po ni\u0105 nie si\u0119ga!!! (?)<\/strong><\/p>\n<p><em>Macki Schr\u00f6dingera<\/em>\u00a0to ostrze\u017cenie. G\u0142upcy, kt\u00f3rych ludzie wybieraj\u0105 do tzw. w\u0142adzy, po przekroczeniu Rubikonu potwierdzenia, \u017ce zostali wybrani, nagle dostaj\u0105 ze swojego nieba impuls, kt\u00f3ry czyni ich wszechm\u0105drymi. W rzeczywisto\u015bci zawsze byli, s\u0105 i pozostan\u0105 g\u0142upcami ignorantami, paso\u017cytami, ale maj\u0105 w r\u0119ku narz\u0119dzia, kt\u00f3re sami im dajemy, aparat przymusu, oraz aparat prawodawczy. I wiedz\u0105c to, mog\u0105 dowolnie \u0142ama\u0107 wszystko, \u0142\u0105cznie z prawami fizyki, bo ich, wybra\u0144c\u00f3w, one nie dotycz\u0105. I gdyby to tylko jeszcze robili na w\u0142asny u\u017cytek, a nawet niech pozdychaj\u0105, kilku g\u0142upc\u00f3w mniej na \u015bwiecie. Oni, niestety, to robi\u0105 kosztem mojego bezpiecze\u0144stwa, mojego zdrowia i w ko\u0144cu \u017cycia. Ta ksi\u0105\u017cka jest te\u017c o przyja\u017ani. Takiej wiecznej przyja\u017ani . Takiej prawdziwej, b\u0119d\u0105cej dzi\u015b, w nastawionym na zysk i karier\u0119 \u015bwiecie, czym\u015b wyj\u0105tkowym. I jest rozpaczliwym wo\u0142aniem o szacunek dla jajog\u0142owych. To oni, nie politycy, ten \u015bwiat pchaj\u0105 do przodu. To oni, nie politycy wydzieraj\u0105 naturze tajemnice. Politycy najwy\u017cej staraj\u0105 si\u0119 je p\u00f3\u017aniej przerobi\u0107 na kolejny, jeszcze bardziej \u015bmierciono\u015bny rodzaj broni, jeszcze bardziej zafajdalaj\u0105c \u015bwiat, na kt\u00f3rym \u017cyj\u0105. Chcia\u0142em te\u017c, \u017ceby by\u0142a r\u00f3wnie\u017c ho\u0142dem dla kobiet, kt\u00f3re w powie\u015bci s\u0105 PARTNERKAMI facet\u00f3w, zawsze na r\u00f3wnych zasadach. Bo tylko takie uporz\u0105dkowanie \u015bwiata mo\u017ce go ocali\u0107 przed nieuchronn\u0105 zag\u0142ad\u0105, w kt\u00f3r\u0105 wp\u0119dz\u0105 nas w ko\u0144cu ci durnie i ignoranci, nienasyceni w \u017c\u0105dzy w\u0142adzy. Ja zreszt\u0105 bardzo du\u017co miejsca w powie\u015bciach po\u015bwi\u0119cam kobietom. Mo\u017ce dlatego nie idzie mi zupe\u0142nie\u00a0<em>Czarodziejska g\u00f3ra<\/em>\u00a0Thomasa Manna, pisana przez faceta z punktu widzenia faceta?<\/p>\n<p>&nbsp;<\/p>\n","protected":false},"excerpt":{"rendered":"<p>Autorzy: Wiktor Hajdenrajch<\/p>\n<p>Redakcja: Marek Trenkler, Damian Tarkowski<\/p>\n<p>Patronat: Polskie Wydawnictwa Niezale\u017cne<\/p>\n<p>Typ: Ksi\u0105\u017cka w oprawie mi\u0119kkiej ze skrzyde\u0142kami<\/p>\n<p>Rok wydania: 2022<\/p>\n<p>ISBN: 978-83-65185-59-4<\/p>\n<p>Obj\u0119to\u015b\u0107: 434 strony<\/p>\n<p>&nbsp;<\/p>\n","protected":false},"featured_media":4237,"template":"","meta":[],"product_cat":[303,64],"product_tag":[369,368,364,367,365,366,284],"royalty-types":[],"trackgenre":[171,411],"tracksoftware":[],"_links":{"self":[{"href":"https:\/\/sklep.hoid.pl\/index.php?rest_route=\/wp\/v2\/product\/4226"}],"collection":[{"href":"https:\/\/sklep.hoid.pl\/index.php?rest_route=\/wp\/v2\/product"}],"about":[{"href":"https:\/\/sklep.hoid.pl\/index.php?rest_route=\/wp\/v2\/types\/product"}],"wp:featuredmedia":[{"embeddable":true,"href":"https:\/\/sklep.hoid.pl\/index.php?rest_route=\/wp\/v2\/media\/4237"}],"wp:attachment":[{"href":"https:\/\/sklep.hoid.pl\/index.php?rest_route=%2Fwp%2Fv2%2Fmedia&parent=4226"}],"wp:term":[{"taxonomy":"product_cat","embeddable":true,"href":"https:\/\/sklep.hoid.pl\/index.php?rest_route=%2Fwp%2Fv2%2Fproduct_cat&post=4226"},{"taxonomy":"product_tag","embeddable":true,"href":"https:\/\/sklep.hoid.pl\/index.php?rest_route=%2Fwp%2Fv2%2Fproduct_tag&post=4226"},{"taxonomy":"royalty-types","embeddable":true,"href":"https:\/\/sklep.hoid.pl\/index.php?rest_route=%2Fwp%2Fv2%2Froyalty-types&post=4226"},{"taxonomy":"trackgenre","embeddable":true,"href":"https:\/\/sklep.hoid.pl\/index.php?rest_route=%2Fwp%2Fv2%2Ftrackgenre&post=4226"},{"taxonomy":"tracksoftware","embeddable":true,"href":"https:\/\/sklep.hoid.pl\/index.php?rest_route=%2Fwp%2Fv2%2Ftracksoftware&post=4226"}],"curies":[{"name":"wp","href":"https:\/\/api.w.org\/{rel}","templated":true}]}}