{"id":4248,"date":"2022-12-20T14:53:24","date_gmt":"2022-12-20T14:53:24","guid":{"rendered":"https:\/\/sklep.hoid.pl\/?post_type=product&#038;p=4248"},"modified":"2023-03-05T09:09:35","modified_gmt":"2023-03-05T09:09:35","slug":"michal-m-marciniak-straznik-pamieci-pdf","status":"publish","type":"product","link":"https:\/\/sklep.hoid.pl\/?product=michal-m-marciniak-straznik-pamieci-pdf","title":{"rendered":"Micha\u0142 M. Marciniak &#8211; Stra\u017cnik Pami\u0119ci [PDF]"},"content":{"rendered":"<p><em>Przes\u0142aniem tego tomiku jest docenienie ulotno\u015bci i krucho\u015bci \u015bwiata oraz trwa\u0142o\u015bci i sta\u0142o\u015bci odwiecznie panuj\u0105cych w nim praw i zasad. To w\u0142a\u015bnie one stanowi\u0105 jeden z powod\u00f3w powo\u0142ania do \u017cycia tytu\u0142owego Stra\u017cnika Pami\u0119ci, to\u017csamo\u015bci lirycznej, kt\u00f3rej przes\u0142anie ma wybrzmie\u0107 g\u0142o\u015bno. Niech wybrzmiewa i cicho. Niech wybrzmi przy lampce nocnej. Niech wybrzmi w obj\u0119ciach Morfeusza. Niech wybrzmi w zgie\u0142ku dyskusji i w ciszy samotno\u015bci. M\u00f3j tomik kieruj\u0119, jak to kiedy\u015b trafnie uj\u0105\u0142 wybitny warszawski pisarz, Marek Nowakowski: \u201edo wszystkich wra\u017cliwych poszukiwaczy sensu i bezsensu\u201d. Niech Jego s\u0142owa prowadz\u0105 Pa\u0144stwa przez moj\u0105 krain\u0119 liter.<\/em><\/p>\n<p>M. M. M.<\/p>\n<p>&nbsp;<\/p>\n<p><strong>O Autorze:<\/strong><\/p>\n<p>Micha\u0142 M. Marciniak urodzony 20 grudnia 1990 r. w Toruniu. Poeta, prozaik, absolwent Uniwersytetu Miko\u0142aja Kopernika i Wy\u017cszej Szko\u0142y Bankowej w Toruniu. Laureat m.in. nagrody Prezydenta Miasta Torunia \u201eza wybitne osi\u0105gni\u0119cia w nauce, pracy naukowej, kulturalnej, artystycznej, sportowej\u201d. W 2021 r. zosta\u0142 laureatem Grudzi\u0105dzkiej Jesieni Poezji, festiwalu poetyckiego organizowanego przez Wojciecha Kassa i Stanis\u0142awa Raginiaka.<\/p>\n","protected":false},"excerpt":{"rendered":"<p>Autorzy: Micha\u0142 M. Marciniak<\/p>\n<p>Redakcja: Damian \u0141ukasz Tarkowski<\/p>\n<p>Patronat: Polskie Wydawnictwa Niezale\u017cne<\/p>\n<p>Typ: E-book, format PDF<\/p>\n<p>Rok wydania: 2022<\/p>\n<p>ISBN: 978-83-65185-23-5<\/p>\n<p>Obj\u0119to\u015b\u0107: 100 stron<\/p>\n<p>&nbsp;<\/p>\n","protected":false},"featured_media":4288,"template":"","meta":[],"product_cat":[15],"product_tag":[142,394,322,393,319,130,324,266,262,321,320,323],"royalty-types":[],"trackgenre":[395],"tracksoftware":[],"_links":{"self":[{"href":"https:\/\/sklep.hoid.pl\/index.php?rest_route=\/wp\/v2\/product\/4248"}],"collection":[{"href":"https:\/\/sklep.hoid.pl\/index.php?rest_route=\/wp\/v2\/product"}],"about":[{"href":"https:\/\/sklep.hoid.pl\/index.php?rest_route=\/wp\/v2\/types\/product"}],"wp:featuredmedia":[{"embeddable":true,"href":"https:\/\/sklep.hoid.pl\/index.php?rest_route=\/wp\/v2\/media\/4288"}],"wp:attachment":[{"href":"https:\/\/sklep.hoid.pl\/index.php?rest_route=%2Fwp%2Fv2%2Fmedia&parent=4248"}],"wp:term":[{"taxonomy":"product_cat","embeddable":true,"href":"https:\/\/sklep.hoid.pl\/index.php?rest_route=%2Fwp%2Fv2%2Fproduct_cat&post=4248"},{"taxonomy":"product_tag","embeddable":true,"href":"https:\/\/sklep.hoid.pl\/index.php?rest_route=%2Fwp%2Fv2%2Fproduct_tag&post=4248"},{"taxonomy":"royalty-types","embeddable":true,"href":"https:\/\/sklep.hoid.pl\/index.php?rest_route=%2Fwp%2Fv2%2Froyalty-types&post=4248"},{"taxonomy":"trackgenre","embeddable":true,"href":"https:\/\/sklep.hoid.pl\/index.php?rest_route=%2Fwp%2Fv2%2Ftrackgenre&post=4248"},{"taxonomy":"tracksoftware","embeddable":true,"href":"https:\/\/sklep.hoid.pl\/index.php?rest_route=%2Fwp%2Fv2%2Ftracksoftware&post=4248"}],"curies":[{"name":"wp","href":"https:\/\/api.w.org\/{rel}","templated":true}]}}