{"id":4375,"date":"2023-03-05T23:46:10","date_gmt":"2023-03-05T23:46:10","guid":{"rendered":"https:\/\/sklep.hoid.pl\/?post_type=product&#038;p=4375"},"modified":"2023-03-06T00:29:46","modified_gmt":"2023-03-06T00:29:46","slug":"autor-nieznany-oswiecim-pamietnik-wieznia-audiobook","status":"publish","type":"product","link":"https:\/\/sklep.hoid.pl\/?product=autor-nieznany-oswiecim-pamietnik-wieznia-audiobook","title":{"rendered":"Autor nieznany \u2013 O\u015bwi\u0119cim. Pami\u0119tnik wi\u0119\u017ania \u2013 audiobook"},"content":{"rendered":"<p>Pami\u0119tnik ten powielony zosta\u0142 w bardzo niewielkiej ilo\u015bci egzemplarzy. Dlatego te\u017c \u017caden egzemplarz nie powinien by\u0107 zniszczony przez jakie\u015b tch\u00f3rzliwe r\u0119ce. Niech ka\u017cdy zeszyt obiega dziesi\u0105tki i setki czytelnik\u00f3w, niech kr\u0105\u017cy a\u017c do zupe\u0142nego zniszczenia, pe\u0142ni\u0105c swe zadanie w s\u0142u\u017cbie polskiej informacji. Przekazuj go dalej tylko ludziom ca\u0142kowicie pewnym, ale zarazem takim, kt\u00f3rzy zobowi\u0105\u017c\u0105 si\u0119 pu\u015bci\u0107 pami\u0119tnik dalej.<\/p>\n<p>Pami\u0119tnik ten napisa\u0142 m\u0142ody ch\u0142opak, ci\u0119\u017cko chory po zwolnieniu z O\u015bwi\u0119cimia blisko rok temu. Impulsem do napisania go, pod\u0142ug \u015bwiadectwa najbli\u017cszych, by\u0142o przede wszystkim \u017carliwe powi\u0105zanie, ponad \u017cycie trwalsze, z pozostawionymi w obozie towarzyszami. W ka\u017cdym dniu, po wiele razy powraca\u0142 do nich my\u015bl\u0105 i zdawa\u0142o mu si\u0119, \u017ce szczeg\u00f3\u0142owe opisanie, utrwalenie wszystkich okoliczno\u015bci obozowego m\u0119cze\u0144stwa jest obowi\u0105zkiem tego, kt\u00f3ry si\u0119 wydosta\u0142, jakkolwiek nie mia\u0142 \u017cy\u0107 d\u0142u\u017cej.<\/p>\n<p>Z drugiej strony uwa\u017ca\u0142 za konieczne przedstawi\u0107 r\u00f3\u017cnorodny zesp\u00f3\u0142 wi\u0119\u017ani\u00f3w O\u015bwi\u0119cimia prawdziwie, tak jak jest, gdy\u017c s\u0105dzi\u0142, \u017ce spo\u0142ecze\u0144stwo wie o tym niewiele, cz\u0119sto te\u017c przedstawia sobie rzeczy inaczej, ni\u017c wygl\u0105daj\u0105.<\/p>\n<p>Rozstaj\u0105c si\u0119 z \u017cyciem w m\u0142odym wieku, umiera\u0142 w prze\u015bwiadczeniu, \u017ce inni przetrzymaj\u0105, \u017ce w\u0142a\u015bciwa Polakom psychiczna odporno\u015b\u0107<br \/>\ni umiej\u0119tno\u015b\u0107 koncentrowania woli zdecyduje na og\u00f3\u0142 o mo\u017cliwo\u015bci zniesienia srogiego m\u0119cze\u0144stwa. Wkr\u00f3tce po napisaniu pami\u0119tnika \u2014 a praca ta zaj\u0119\u0142a choremu par\u0119 miesi\u0119cy \u2014 umar\u0142.<\/p>\n<p>Zdaje si\u0119, \u017ce w ko\u0144cu wypisa\u0142em to wszystko, czego mi jeszcze brak\u0142o. Umieram dobrej my\u015bli. Z wielk\u0105 uciech\u0105 konstatuj\u0119 teraz: nie z\u0142amali i mnie!&#8230; Bynajmniej! Ani na chwil\u0119. Musz\u0119 umrze\u0107, jak Jacek, z mechanicznych powod\u00f3w: ta nerka!<\/p>\n<p>Ale b\u0119d\u0105 \u017cyli inni, przetrwa nar\u00f3d, powstanie Polska! Polska, kt\u00f3rej straszne cierpienia pod butem hitlerowskim sprawi\u0142y ju\u017c, \u017ce si\u0119 stanie teraz bastionem, opok\u0105, twierdz\u0105 w walce przeciw wszelkim zakusom na\u015bladowania Niemc\u00f3w, przeciw wszelkiemu totalizmowi, ciemi\u0119\u017ceniu i poniewieraniu cz\u0142owieka&#8230; Powr\u00f3cimy do najpi\u0119kniejszych z naszych tradycji&#8230;<\/p>\n<p>B\u0119dzie Polska!<\/p>\n","protected":false},"excerpt":{"rendered":"<p>Autorzy: Autor nieznany<\/p>\n<p>Redakcja: Halina Krahelska<\/p>\n<p>Opracowanie d\u017awi\u0119kowe: HOID.PL Wydawnictwo Horyzont Idei<\/p>\n<p>Wydawca: Wydawnictwo Horyzont Idei<\/p>\n<p>Typ: Audiobook<\/p>\n<p>Rok wydania: 2023<\/p>\n<p>ISBN: 978-83-65185-50-1<\/p>\n","protected":false},"featured_media":4393,"template":"","meta":[],"product_cat":[107],"product_tag":[468,472,471,470,469,466,467,473],"royalty-types":[],"trackgenre":[166,396,415,414],"tracksoftware":[],"_links":{"self":[{"href":"https:\/\/sklep.hoid.pl\/index.php?rest_route=\/wp\/v2\/product\/4375"}],"collection":[{"href":"https:\/\/sklep.hoid.pl\/index.php?rest_route=\/wp\/v2\/product"}],"about":[{"href":"https:\/\/sklep.hoid.pl\/index.php?rest_route=\/wp\/v2\/types\/product"}],"wp:featuredmedia":[{"embeddable":true,"href":"https:\/\/sklep.hoid.pl\/index.php?rest_route=\/wp\/v2\/media\/4393"}],"wp:attachment":[{"href":"https:\/\/sklep.hoid.pl\/index.php?rest_route=%2Fwp%2Fv2%2Fmedia&parent=4375"}],"wp:term":[{"taxonomy":"product_cat","embeddable":true,"href":"https:\/\/sklep.hoid.pl\/index.php?rest_route=%2Fwp%2Fv2%2Fproduct_cat&post=4375"},{"taxonomy":"product_tag","embeddable":true,"href":"https:\/\/sklep.hoid.pl\/index.php?rest_route=%2Fwp%2Fv2%2Fproduct_tag&post=4375"},{"taxonomy":"royalty-types","embeddable":true,"href":"https:\/\/sklep.hoid.pl\/index.php?rest_route=%2Fwp%2Fv2%2Froyalty-types&post=4375"},{"taxonomy":"trackgenre","embeddable":true,"href":"https:\/\/sklep.hoid.pl\/index.php?rest_route=%2Fwp%2Fv2%2Ftrackgenre&post=4375"},{"taxonomy":"tracksoftware","embeddable":true,"href":"https:\/\/sklep.hoid.pl\/index.php?rest_route=%2Fwp%2Fv2%2Ftracksoftware&post=4375"}],"curies":[{"name":"wp","href":"https:\/\/api.w.org\/{rel}","templated":true}]}}