{"id":5220,"date":"2024-12-29T23:24:25","date_gmt":"2024-12-29T23:24:25","guid":{"rendered":"https:\/\/sklep.hoid.pl\/?post_type=product&#038;p=5220"},"modified":"2024-12-30T12:07:56","modified_gmt":"2024-12-30T12:07:56","slug":"archiwa-amerykanskiego-wywiadu-raport-i-ocena-procesu-hemi-sync-fale-mozgowe-i-ich-zwiazek-z-psychologia-behawioralna-oraz-fizjologia-mozgu","status":"publish","type":"product","link":"https:\/\/sklep.hoid.pl\/?product=archiwa-amerykanskiego-wywiadu-raport-i-ocena-procesu-hemi-sync-fale-mozgowe-i-ich-zwiazek-z-psychologia-behawioralna-oraz-fizjologia-mozgu","title":{"rendered":"ARCHIWA AMERYKA\u0143SKIEGO WYWIADU &#8211; RAPORT I OCENA PROCESU HEMI-SYNC. FALE M\u00d3ZGOWE I ICH ZWI\u0104ZEK Z PSYCHOLOGI\u0104 BEHAWIORALN\u0104 ORAZ FIZJOLOGI\u0104 M\u00d3ZGU"},"content":{"rendered":"<p style=\"margin: 0px;\">Hemi-Sync to innowacyjna technologia, kt\u00f3ra wykorzystuje specjalnie skomponowane d\u017awi\u0119ki i rytmiki w celu stymulacji m\u00f3zgu. Dzi\u0119ki tej technologii mo\u017cliwe jest osi\u0105gni\u0119cie g\u0142\u0119bokiego stanu relaksu, zwi\u0119kszenia koncentracji, poprawy snu i do\u015bwiadczenie odmiennych stan\u00f3w \u015bwiadomo\u015bci.<\/p>\n<p style=\"margin: 12px 0px;\">Zapraszamy do zapoznania si\u0119 z najnowszym i jedynym t\u0142umaczeniem raportu i oceny procesu Hemi-Sync, dokumentu o wyj\u0105tkowo wysokiej warto\u015bci poznawczej, pochodz\u0105cego z archiw\u00f3w ameryka\u0144skiego wywiadu. Ten niezwyk\u0142y dokument przedstawia rewolucyjne badania z zakresu fal m\u00f3zgowych i ich zwi\u0105zku z psychologi\u0105 behawioraln\u0105 oraz fizjologi\u0105 m\u00f3zgu.<\/p>\n<p style=\"margin: 12px 0px;\">Raport dost\u0119pny w archiwach wywiadu ameryka\u0144skiego przedstawia szczeg\u00f3\u0142ow\u0105 analiz\u0119 bada\u0144 przeprowadzonych na grupie ochotnik\u00f3w, kt\u00f3rzy do\u015bwiadczyli procesu Hemi-Sync. Wyniki tych bada\u0144 s\u0105 fascynuj\u0105ce.<\/p>\n","protected":false},"excerpt":{"rendered":"<p>Autor: ARCHIWA AMERYKA\u0143SKIEGO WYWIADU<\/p>\n<p>ISBN: 978-83-68145-01-4<\/p>\n<p>Rodzaj produktu: audiobook<\/p>\n<p>Rok wydania: 2023<\/p>\n","protected":false},"featured_media":5228,"template":"","meta":[],"product_cat":[107,15],"product_tag":[743,741,739,745,746,282,742],"royalty-types":[],"trackgenre":[166,481,414],"tracksoftware":[],"_links":{"self":[{"href":"https:\/\/sklep.hoid.pl\/index.php?rest_route=\/wp\/v2\/product\/5220"}],"collection":[{"href":"https:\/\/sklep.hoid.pl\/index.php?rest_route=\/wp\/v2\/product"}],"about":[{"href":"https:\/\/sklep.hoid.pl\/index.php?rest_route=\/wp\/v2\/types\/product"}],"wp:featuredmedia":[{"embeddable":true,"href":"https:\/\/sklep.hoid.pl\/index.php?rest_route=\/wp\/v2\/media\/5228"}],"wp:attachment":[{"href":"https:\/\/sklep.hoid.pl\/index.php?rest_route=%2Fwp%2Fv2%2Fmedia&parent=5220"}],"wp:term":[{"taxonomy":"product_cat","embeddable":true,"href":"https:\/\/sklep.hoid.pl\/index.php?rest_route=%2Fwp%2Fv2%2Fproduct_cat&post=5220"},{"taxonomy":"product_tag","embeddable":true,"href":"https:\/\/sklep.hoid.pl\/index.php?rest_route=%2Fwp%2Fv2%2Fproduct_tag&post=5220"},{"taxonomy":"royalty-types","embeddable":true,"href":"https:\/\/sklep.hoid.pl\/index.php?rest_route=%2Fwp%2Fv2%2Froyalty-types&post=5220"},{"taxonomy":"trackgenre","embeddable":true,"href":"https:\/\/sklep.hoid.pl\/index.php?rest_route=%2Fwp%2Fv2%2Ftrackgenre&post=5220"},{"taxonomy":"tracksoftware","embeddable":true,"href":"https:\/\/sklep.hoid.pl\/index.php?rest_route=%2Fwp%2Fv2%2Ftracksoftware&post=5220"}],"curies":[{"name":"wp","href":"https:\/\/api.w.org\/{rel}","templated":true}]}}