{"id":5235,"date":"2024-12-30T11:56:49","date_gmt":"2024-12-30T11:56:49","guid":{"rendered":"https:\/\/sklep.hoid.pl\/?post_type=product&#038;p=5235"},"modified":"2024-12-31T12:49:34","modified_gmt":"2024-12-31T12:49:34","slug":"archiwa-amerykanskiego-wywiadu-raport-i-ocena-procesu-gateway-experience-swiadome-wyjscie-poza-cialo-pod-lupa-specjalistow-amerykanskiego-wywiadu-kopia","status":"publish","type":"product","link":"https:\/\/sklep.hoid.pl\/?product=archiwa-amerykanskiego-wywiadu-raport-i-ocena-procesu-gateway-experience-swiadome-wyjscie-poza-cialo-pod-lupa-specjalistow-amerykanskiego-wywiadu-kopia","title":{"rendered":"ARCHIWA AMERYKA\u0143SKIEGO WYWIADU \u2013 RAPORT I OCENA PROCESU GATEWAY EXPERIENCE. \u015aWIADOME WYJ\u015aCIE POZA CIA\u0141O POD LUP\u0104 SPECJALIST\u00d3W AMERYKA\u0143SKIEGO WYWIADU"},"content":{"rendered":"<p>Archiwa ameryka\u0144skiego wywiadu uzyska\u0142y zas\u0142u\u017con\u0105 reputacj\u0119 jako nieocenione \u017ar\u00f3d\u0142o informacji dotycz\u0105cych najbardziej zaawansowanych technik eksploracji \u015bwiadomo\u015bci, a ich selekcja stanowi gwarancj\u0119 wysokiej jako\u015bci merytorycznej dokumentu. W ramach eksploracji procesu Gateway Experience, wybitni eksperci w dziedzinie wywiadu przeprowadzili dog\u0142\u0119bne badania nad mo\u017cliwo\u015bci\u0105 \u015bwiadomego wyj\u015bcia poza cia\u0142o w wyniku eksperyment\u00f3w prowadzonych przez uznany Monroe Institute. Celem tego procesu by\u0142o otwarcie umys\u0142u na nowe perspektywy, odkrycie niewykorzystanego potencja\u0142u oraz zrozumienie tajemnic naszej \u015bwiadomo\u015bci.<\/p>\n<p>Raport i ocena przeprowadzona przez ameryka\u0144ski wywiad dostarczaj\u0105 fascynuj\u0105cych wniosk\u00f3w na temat fenomenu wyj\u015bcia poza cia\u0142o. Na zlecenie CIA skrupulatnie przeanalizowano r\u00f3\u017cne aspekty tego do\u015bwiadczenia, bior\u0105c pod uwag\u0119 przede wszystkim uwarunkowania nauk fizycznych, ale tak\u017ce aspekty duchowe. Zrozumienie tego procesu jest kluczowe dla przysz\u0142ych bada\u0144 i rozwoju w dziedzinie eksploracji \u015bwiadomo\u015bci.<\/p>\n<p>Dokumenty, kt\u00f3re udost\u0119pniamy, przedstawiaj\u0105 unikaln\u0105 wiedz\u0119 i wnikliwe spojrzenie na proces Gateway Experience. Stanowi\u0105 one nieocenion\u0105 pomoc dla indywidualnych badaczy, naukowc\u00f3w i os\u00f3b poszukuj\u0105cych nowych horyzont\u00f3w w dziedzinie poznania samego siebie.<\/p>\n","protected":false},"excerpt":{"rendered":"<p>Autor: ARCHIWA AMERYKA\u0143SKIEGO WYWIADU<\/p>\n<p>ISBN: 978-83-68145-<span class=\"bold\">00<\/span>-7<\/p>\n<p>Rodzaj produktu: audiobook<\/p>\n<p>Rok wydania: 2023<\/p>\n","protected":false},"featured_media":5230,"template":"","meta":[],"product_cat":[107,15],"product_tag":[743,740,741,739,745,746,282,744,742],"royalty-types":[],"trackgenre":[166,122,481,414],"tracksoftware":[],"_links":{"self":[{"href":"https:\/\/sklep.hoid.pl\/index.php?rest_route=\/wp\/v2\/product\/5235"}],"collection":[{"href":"https:\/\/sklep.hoid.pl\/index.php?rest_route=\/wp\/v2\/product"}],"about":[{"href":"https:\/\/sklep.hoid.pl\/index.php?rest_route=\/wp\/v2\/types\/product"}],"wp:featuredmedia":[{"embeddable":true,"href":"https:\/\/sklep.hoid.pl\/index.php?rest_route=\/wp\/v2\/media\/5230"}],"wp:attachment":[{"href":"https:\/\/sklep.hoid.pl\/index.php?rest_route=%2Fwp%2Fv2%2Fmedia&parent=5235"}],"wp:term":[{"taxonomy":"product_cat","embeddable":true,"href":"https:\/\/sklep.hoid.pl\/index.php?rest_route=%2Fwp%2Fv2%2Fproduct_cat&post=5235"},{"taxonomy":"product_tag","embeddable":true,"href":"https:\/\/sklep.hoid.pl\/index.php?rest_route=%2Fwp%2Fv2%2Fproduct_tag&post=5235"},{"taxonomy":"royalty-types","embeddable":true,"href":"https:\/\/sklep.hoid.pl\/index.php?rest_route=%2Fwp%2Fv2%2Froyalty-types&post=5235"},{"taxonomy":"trackgenre","embeddable":true,"href":"https:\/\/sklep.hoid.pl\/index.php?rest_route=%2Fwp%2Fv2%2Ftrackgenre&post=5235"},{"taxonomy":"tracksoftware","embeddable":true,"href":"https:\/\/sklep.hoid.pl\/index.php?rest_route=%2Fwp%2Fv2%2Ftracksoftware&post=5235"}],"curies":[{"name":"wp","href":"https:\/\/api.w.org\/{rel}","templated":true}]}}