{"id":5518,"date":"2025-01-03T13:09:06","date_gmt":"2025-01-03T13:09:06","guid":{"rendered":"https:\/\/sklep.hoid.pl\/?post_type=product&#038;p=5518"},"modified":"2025-01-06T10:25:38","modified_gmt":"2025-01-06T10:25:38","slug":"archiwa-cia-wicekonsul-usa-w-warszawie-thaddeus-chylinski-polska-pod-panowaniem-nazistow-w-latach-1939-1941-raport-szczegolowy","status":"publish","type":"product","link":"https:\/\/sklep.hoid.pl\/?product=archiwa-cia-wicekonsul-usa-w-warszawie-thaddeus-chylinski-polska-pod-panowaniem-nazistow-w-latach-1939-1941-raport-szczegolowy","title":{"rendered":"[ARCHIWA CIA] Wicekonsul USA w Warszawie Thaddeus Chylinski \u2013 Polska pod panowaniem nazist\u00f3w w latach 1939-1941. Raport szczeg\u00f3\u0142owy"},"content":{"rendered":"<p>Thaddeus Henry Chylinski by\u0142 ameryka\u0144skim dyplomat\u0105, dzieckiem polskich imigrant\u00f3w. Urodzi\u0142 si\u0119 14 pa\u017adziernika 1898 r. w\u00a0Wilmington, Delaware. Od oko\u0142o 1920 r. (jak zapisano w\u00a0jego paszporcie z\u00a01920 r.) do 19 sierpnia 1941 r. pracowa\u0142 w\u00a0ameryka\u0144skim urz\u0119dzie konsularnym w\u00a0Warszawie. By\u0142 wicekonsulem akredytowanym przy by\u0142ym rz\u0105dzie polskim. Jego \u017cona Josephine by\u0142a Polk\u0105, co by\u0142o jedn\u0105 z\u00a0motywacji do wsp\u00f3\u0142pracy z\u00a0nowo powsta\u0142ym polskim rz\u0105dem w\u00a0okresie mi\u0119dzy I a\u00a0II wojn\u0105 \u015bwiatow\u0105.<\/p>\n<p>Chylinski wraz z\u00a0\u017con\u0105 wyruszyli do Ameryki z\u00a0Warszawy 19 sierpnia 1941 r. i\u00a0wsiedli na statek p\u0142yn\u0105cy z\u00a0Lizbony w\u00a0Portugalii. Do Ameryki powr\u00f3cili 20 wrze\u015bnia 1941 roku.<\/p>\n<p>Jako ameryka\u0144ski dyplomata o\u00a0silnych wi\u0119zach z\u00a0Polsk\u0105, Chylinski pozosta\u0142 bardzo obiektywny w\u00a0swoich obserwacjach. Jego raport jest jednym z\u00a0najdok\u0142adniejszych opis\u00f3w sytuacji w\u00a0Polsce pod rz\u0105dami re\u017cimu nazistowskiego. W\u00a0swoim raporcie Chylinski stara\u0142 si\u0119 przedstawi\u0107 bezstronny obraz warunk\u00f3w panuj\u0105cych w\u00a0Polsce, wykorzystuj\u0105c informacje z\u00a0pierwszej r\u0119ki lub dane uzyskane z\u00a0wiarygodnych \u017ar\u00f3de\u0142.<\/p>\n<p>Raport pozostawa\u0142 \u015bci\u015ble tajny a\u017c do 2001 roku, kiedy to odtajni\u0142a go Centralna Agencja Wywiadowcza (CIA).<\/p>\n<p>&nbsp;<\/p>\n","protected":false},"excerpt":{"rendered":"<p>Autorzy: Thaddeus Henry Chylinski<\/p>\n<p>T\u0142umaczenie: Damian \u0141ukasz Tarkowski<\/p>\n<p>Wydawca: Wydawnictwo Horyzont Idei<\/p>\n<p>Patronat: Polskie Wydawnictwa Niezale\u017cne<\/p>\n<p>Typ: audiobook i e-book<\/p>\n<p>Rok wydania: 2023<\/p>\n<p>ISBN: 978-83-65185-17-4<\/p>\n<p>Obj\u0119to\u015b\u0107: 128 stron<\/p>\n","protected":false},"featured_media":5630,"template":"","meta":[],"product_cat":[15],"product_tag":[277,278,279,274,275,417,273,280,423,418,419,420,282,416,424,281,276,421,422],"royalty-types":[],"trackgenre":[166,415,481,414],"tracksoftware":[],"_links":{"self":[{"href":"https:\/\/sklep.hoid.pl\/index.php?rest_route=\/wp\/v2\/product\/5518"}],"collection":[{"href":"https:\/\/sklep.hoid.pl\/index.php?rest_route=\/wp\/v2\/product"}],"about":[{"href":"https:\/\/sklep.hoid.pl\/index.php?rest_route=\/wp\/v2\/types\/product"}],"wp:featuredmedia":[{"embeddable":true,"href":"https:\/\/sklep.hoid.pl\/index.php?rest_route=\/wp\/v2\/media\/5630"}],"wp:attachment":[{"href":"https:\/\/sklep.hoid.pl\/index.php?rest_route=%2Fwp%2Fv2%2Fmedia&parent=5518"}],"wp:term":[{"taxonomy":"product_cat","embeddable":true,"href":"https:\/\/sklep.hoid.pl\/index.php?rest_route=%2Fwp%2Fv2%2Fproduct_cat&post=5518"},{"taxonomy":"product_tag","embeddable":true,"href":"https:\/\/sklep.hoid.pl\/index.php?rest_route=%2Fwp%2Fv2%2Fproduct_tag&post=5518"},{"taxonomy":"royalty-types","embeddable":true,"href":"https:\/\/sklep.hoid.pl\/index.php?rest_route=%2Fwp%2Fv2%2Froyalty-types&post=5518"},{"taxonomy":"trackgenre","embeddable":true,"href":"https:\/\/sklep.hoid.pl\/index.php?rest_route=%2Fwp%2Fv2%2Ftrackgenre&post=5518"},{"taxonomy":"tracksoftware","embeddable":true,"href":"https:\/\/sklep.hoid.pl\/index.php?rest_route=%2Fwp%2Fv2%2Ftracksoftware&post=5518"}],"curies":[{"name":"wp","href":"https:\/\/api.w.org\/{rel}","templated":true}]}}