{"id":5632,"date":"2025-01-06T13:04:04","date_gmt":"2025-01-06T13:04:04","guid":{"rendered":"https:\/\/sklep.hoid.pl\/?post_type=product&#038;p=5632"},"modified":"2025-01-06T17:08:35","modified_gmt":"2025-01-06T17:08:35","slug":"raport-witolda-pileckiego-z-auschwitz","status":"publish","type":"product","link":"https:\/\/sklep.hoid.pl\/?product=raport-witolda-pileckiego-z-auschwitz","title":{"rendered":"Raport Witolda Pileckiego z Auschwitz"},"content":{"rendered":"<div data-slate-node=\"element\"><em>\u017byjemy w czasie, kt\u00f3ry jedni nazywaj\u0105 zako\u0144czeniem jednej epoki i wej\u015bciem w drug\u0105, inni m\u00f3wi\u0105, \u017ce \u201ejeste\u015bmy na zakr\u0119cie&#8230;\u201d, jeszcze inni \u2014 chc\u0105 da\u0107 ludzko\u015bci nowy ustr\u00f3j i pisz\u0105 dzie\u0142a. Wszyscy m\u0105drzejsi zgadzaj\u0105 si\u0119 na jedno, \u017ce\u015bmy \u2014 jak niegdy\u015b scholastycy \u2014 straszliwie zabrn\u0119li&#8230; Z tym wszystkim nurzamy si\u0119 jeszcze w psychozie l\u0119ku (mam na my\u015bli tych \u201enormalnych\u201d), by nie zrobi\u0107, nie powiedzie\u0107 czego\u015b wykraczaj\u0105cego poza ramy dla \u201eprzeci\u0119tniak\u00f3w\u201d, na co by si\u0119 ci normalni z\u017cyma\u0107 zacz\u0119li. A bro\u0144 Bo\u017ce by\u0107 wy\u015bmianym. Na przyk\u0142ad: widzia\u0142em takich, szczeg\u00f3lnie m\u0119\u017cczyzn, kt\u00f3rzy niby s\u0105 wierz\u0105cy, a wstydz\u0105 si\u0119 wyra\u017anie prze\u017cegna\u0107 i robi\u0105 co\u015b w rodzaju namiastki znaku krzy\u017ca. Jest to doskona\u0142y przyk\u0142ad psychozy wstydu i l\u0119ku, \u017ceby jaki\u015b ba\u0142wan z t\u0142umu \u2014 kolega \u2014 nie pod\u015bmia\u0142. Raczej gnu\u015bnie\u0107 w t\u0142umie baran\u00f3w, byle by si\u0119 nie narazi\u0107 na wytkni\u0119cie palcem jako cz\u0142owiek niezrozumia\u0142y dla przeci\u0119tniak\u00f3w. Wcale nie znaczy to, \u017ce chcia\u0142bym siebie ponad innych wynie\u015b\u0107. Przeciwnie! Chcia\u0142bym wstrz\u0105sn\u0105\u0107 ka\u017cdym, \u017ceby z tego doro\u015bni\u0119tego tylko do pewnego znormalizowanego poziomu t\u0142umu wystrzeli\u0142y, je\u015bli nie mo\u017cna wsz\u0119dzie, to przynajmniej tu i \u00f3wdzie, p\u0119dy my\u015bli, czynu \u2014 indywidualne, bez ogl\u0105dania si\u0119 na to, czy mu s\u0105siaduj\u0105cy w t\u0142umie \u201ebaran\u201d nie uderzy po g\u0142owie przez zwyk\u0142\u0105 zazdro\u015b\u0107, pilnuj\u0105cy, by \u017caden z s\u0105siad\u00f3w ponad t\u0142um g\u0142ow\u0105 nie ur\u00f3s\u0142, nie sta\u0142 si\u0119 wi\u0119kszym. A przecie tylko tacy, wyrastaj\u0105cy ponad normalnych przeci\u0119tniak\u00f3w, mog\u0105 co\u015b stworzy\u0107, wej\u015b\u0107 i wprowadzi\u0107 innych w nowe poj\u0119cia, nowe roztoczy\u0107 widnokr\u0119gi.<\/em><\/div>\n<div data-slate-node=\"element\"><\/div>\n<div data-slate-node=\"element\">Witold Pilecki<\/div>\n","protected":false},"excerpt":{"rendered":"<p>Autorzy: Witold Pilecki<\/p>\n<p>Wydawca: Wydawnictwo Horyzont Idei<\/p>\n<p>Patronat: Polskie Wydawnictwa Niezale\u017cne<\/p>\n<p>Typ: audiobook<\/p>\n<p>Rok wydania: 2023<\/p>\n<p>ISBN: 978-83-68145-20-5<\/p>\n","protected":false},"featured_media":5638,"template":"","meta":[],"product_cat":[15],"product_tag":[275,417,273,280,419,420,282],"royalty-types":[],"trackgenre":[166,122,415,414],"tracksoftware":[],"_links":{"self":[{"href":"https:\/\/sklep.hoid.pl\/index.php?rest_route=\/wp\/v2\/product\/5632"}],"collection":[{"href":"https:\/\/sklep.hoid.pl\/index.php?rest_route=\/wp\/v2\/product"}],"about":[{"href":"https:\/\/sklep.hoid.pl\/index.php?rest_route=\/wp\/v2\/types\/product"}],"wp:featuredmedia":[{"embeddable":true,"href":"https:\/\/sklep.hoid.pl\/index.php?rest_route=\/wp\/v2\/media\/5638"}],"wp:attachment":[{"href":"https:\/\/sklep.hoid.pl\/index.php?rest_route=%2Fwp%2Fv2%2Fmedia&parent=5632"}],"wp:term":[{"taxonomy":"product_cat","embeddable":true,"href":"https:\/\/sklep.hoid.pl\/index.php?rest_route=%2Fwp%2Fv2%2Fproduct_cat&post=5632"},{"taxonomy":"product_tag","embeddable":true,"href":"https:\/\/sklep.hoid.pl\/index.php?rest_route=%2Fwp%2Fv2%2Fproduct_tag&post=5632"},{"taxonomy":"royalty-types","embeddable":true,"href":"https:\/\/sklep.hoid.pl\/index.php?rest_route=%2Fwp%2Fv2%2Froyalty-types&post=5632"},{"taxonomy":"trackgenre","embeddable":true,"href":"https:\/\/sklep.hoid.pl\/index.php?rest_route=%2Fwp%2Fv2%2Ftrackgenre&post=5632"},{"taxonomy":"tracksoftware","embeddable":true,"href":"https:\/\/sklep.hoid.pl\/index.php?rest_route=%2Fwp%2Fv2%2Ftracksoftware&post=5632"}],"curies":[{"name":"wp","href":"https:\/\/api.w.org\/{rel}","templated":true}]}}